{"id":248,"date":"2016-09-12T14:31:58","date_gmt":"2016-09-12T14:31:58","guid":{"rendered":"http:\/\/wwww.trigon-projekt.cz\/?page_id=248"},"modified":"2016-09-14T13:03:40","modified_gmt":"2016-09-14T13:03:40","slug":"zatepleni-obvodoveho-plaste","status":"publish","type":"page","link":"https:\/\/web.trigon-projekt.cz\/?page_id=248","title":{"rendered":"Zateplen\u00ed obvodov\u00e9ho pl\u00e1\u0161t\u011b"},"content":{"rendered":"<h2>Zateplen\u00ed obvodov\u00e9ho pl\u00e1\u0161t\u011b<\/h2>\n<div id='gallery-1' class='gallery galleryid-248 gallery-columns-3 gallery-size-medium'><figure class='gallery-item'>\n\t\t\t<div class='gallery-icon portrait'>\n\t\t\t\t<a href='https:\/\/web.trigon-projekt.cz\/wp-content\/uploads\/2016\/09\/20160817_140608.jpg'><img width=\"169\" height=\"300\" src=\"https:\/\/web.trigon-projekt.cz\/wp-content\/uploads\/2016\/09\/20160817_140608-169x300.jpg\" class=\"attachment-medium size-medium colorbox-248 \" alt=\"\" loading=\"lazy\" srcset=\"https:\/\/web.trigon-projekt.cz\/wp-content\/uploads\/2016\/09\/20160817_140608-169x300.jpg 169w, https:\/\/web.trigon-projekt.cz\/wp-content\/uploads\/2016\/09\/20160817_140608-768x1365.jpg 768w, https:\/\/web.trigon-projekt.cz\/wp-content\/uploads\/2016\/09\/20160817_140608-576x1024.jpg 576w, https:\/\/web.trigon-projekt.cz\/wp-content\/uploads\/2016\/09\/20160817_140608-432x768.jpg 432w, https:\/\/web.trigon-projekt.cz\/wp-content\/uploads\/2016\/09\/20160817_140608-366x650.jpg 366w\" sizes=\"(max-width: 169px) 100vw, 169px\" \/><\/a>\n\t\t\t<\/div><\/figure><figure class='gallery-item'>\n\t\t\t<div class='gallery-icon landscape'>\n\t\t\t\t<a href='https:\/\/web.trigon-projekt.cz\/wp-content\/uploads\/2016\/09\/20160817_140540.jpg'><img width=\"300\" height=\"169\" src=\"https:\/\/web.trigon-projekt.cz\/wp-content\/uploads\/2016\/09\/20160817_140540-300x169.jpg\" class=\"attachment-medium size-medium colorbox-248 \" alt=\"\" loading=\"lazy\" srcset=\"https:\/\/web.trigon-projekt.cz\/wp-content\/uploads\/2016\/09\/20160817_140540-300x169.jpg 300w, https:\/\/web.trigon-projekt.cz\/wp-content\/uploads\/2016\/09\/20160817_140540-768x432.jpg 768w, https:\/\/web.trigon-projekt.cz\/wp-content\/uploads\/2016\/09\/20160817_140540-1024x576.jpg 1024w, https:\/\/web.trigon-projekt.cz\/wp-content\/uploads\/2016\/09\/20160817_140540-650x366.jpg 650w\" sizes=\"(max-width: 300px) 100vw, 300px\" \/><\/a>\n\t\t\t<\/div><\/figure><figure class='gallery-item'>\n\t\t\t<div class='gallery-icon portrait'>\n\t\t\t\t<a href='https:\/\/web.trigon-projekt.cz\/wp-content\/uploads\/2016\/09\/20160817_140527.jpg'><img width=\"169\" height=\"300\" src=\"https:\/\/web.trigon-projekt.cz\/wp-content\/uploads\/2016\/09\/20160817_140527-169x300.jpg\" class=\"attachment-medium size-medium colorbox-248 \" alt=\"\" loading=\"lazy\" srcset=\"https:\/\/web.trigon-projekt.cz\/wp-content\/uploads\/2016\/09\/20160817_140527-169x300.jpg 169w, https:\/\/web.trigon-projekt.cz\/wp-content\/uploads\/2016\/09\/20160817_140527-768x1366.jpg 768w, https:\/\/web.trigon-projekt.cz\/wp-content\/uploads\/2016\/09\/20160817_140527-576x1024.jpg 576w, https:\/\/web.trigon-projekt.cz\/wp-content\/uploads\/2016\/09\/20160817_140527-432x768.jpg 432w, https:\/\/web.trigon-projekt.cz\/wp-content\/uploads\/2016\/09\/20160817_140527-366x650.jpg 366w\" sizes=\"(max-width: 169px) 100vw, 169px\" \/><\/a>\n\t\t\t<\/div><\/figure>\n\t\t<\/div>\n\n","protected":false},"excerpt":{"rendered":"<p>Zateplen\u00ed obvodov\u00e9ho pl\u00e1\u0161t\u011b<\/p>\n","protected":false},"author":1,"featured_media":0,"parent":0,"menu_order":0,"comment_status":"closed","ping_status":"closed","template":"","meta":[],"_links":{"self":[{"href":"https:\/\/web.trigon-projekt.cz\/index.php?rest_route=\/wp\/v2\/pages\/248"}],"collection":[{"href":"https:\/\/web.trigon-projekt.cz\/index.php?rest_route=\/wp\/v2\/pages"}],"about":[{"href":"https:\/\/web.trigon-projekt.cz\/index.php?rest_route=\/wp\/v2\/types\/page"}],"author":[{"embeddable":true,"href":"https:\/\/web.trigon-projekt.cz\/index.php?rest_route=\/wp\/v2\/users\/1"}],"replies":[{"embeddable":true,"href":"https:\/\/web.trigon-projekt.cz\/index.php?rest_route=%2Fwp%2Fv2%2Fcomments&post=248"}],"version-history":[{"count":2,"href":"https:\/\/web.trigon-projekt.cz\/index.php?rest_route=\/wp\/v2\/pages\/248\/revisions"}],"predecessor-version":[{"id":271,"href":"https:\/\/web.trigon-projekt.cz\/index.php?rest_route=\/wp\/v2\/pages\/248\/revisions\/271"}],"wp:attachment":[{"href":"https:\/\/web.trigon-projekt.cz\/index.php?rest_route=%2Fwp%2Fv2%2Fmedia&parent=248"}],"curies":[{"name":"wp","href":"https:\/\/api.w.org\/{rel}","templated":true}]}}