{"id":242,"date":"2016-09-12T14:28:11","date_gmt":"2016-09-12T14:28:11","guid":{"rendered":"http:\/\/wwww.trigon-projekt.cz\/?page_id=242"},"modified":"2016-09-14T12:57:14","modified_gmt":"2016-09-14T12:57:14","slug":"polyfunkcni-domy","status":"publish","type":"page","link":"https:\/\/web.trigon-projekt.cz\/?page_id=242","title":{"rendered":"Polyfunk\u010dn\u00ed domy"},"content":{"rendered":"<h2>Polyfunk\u010dn\u00ed domy<\/h2>\n<div id='gallery-1' class='gallery galleryid-242 gallery-columns-5 gallery-size-medium'><figure class='gallery-item'>\n\t\t\t<div class='gallery-icon landscape'>\n\t\t\t\t<a href='https:\/\/web.trigon-projekt.cz\/wp-content\/uploads\/2016\/09\/IMG_5478.jpg'><img width=\"300\" height=\"225\" src=\"https:\/\/web.trigon-projekt.cz\/wp-content\/uploads\/2016\/09\/IMG_5478-300x225.jpg\" class=\"attachment-medium size-medium colorbox-242 \" alt=\"\" loading=\"lazy\" srcset=\"https:\/\/web.trigon-projekt.cz\/wp-content\/uploads\/2016\/09\/IMG_5478-300x225.jpg 300w, https:\/\/web.trigon-projekt.cz\/wp-content\/uploads\/2016\/09\/IMG_5478-768x576.jpg 768w, https:\/\/web.trigon-projekt.cz\/wp-content\/uploads\/2016\/09\/IMG_5478-1024x768.jpg 1024w, https:\/\/web.trigon-projekt.cz\/wp-content\/uploads\/2016\/09\/IMG_5478-650x488.jpg 650w, https:\/\/web.trigon-projekt.cz\/wp-content\/uploads\/2016\/09\/IMG_5478.jpg 1600w\" sizes=\"(max-width: 300px) 100vw, 300px\" \/><\/a>\n\t\t\t<\/div><\/figure><figure class='gallery-item'>\n\t\t\t<div class='gallery-icon landscape'>\n\t\t\t\t<a href='https:\/\/web.trigon-projekt.cz\/wp-content\/uploads\/2016\/09\/IMG_5476.jpg'><img width=\"300\" height=\"225\" src=\"https:\/\/web.trigon-projekt.cz\/wp-content\/uploads\/2016\/09\/IMG_5476-300x225.jpg\" class=\"attachment-medium size-medium colorbox-242 \" alt=\"\" loading=\"lazy\" srcset=\"https:\/\/web.trigon-projekt.cz\/wp-content\/uploads\/2016\/09\/IMG_5476-300x225.jpg 300w, https:\/\/web.trigon-projekt.cz\/wp-content\/uploads\/2016\/09\/IMG_5476-768x576.jpg 768w, https:\/\/web.trigon-projekt.cz\/wp-content\/uploads\/2016\/09\/IMG_5476-1024x768.jpg 1024w, https:\/\/web.trigon-projekt.cz\/wp-content\/uploads\/2016\/09\/IMG_5476-650x488.jpg 650w, https:\/\/web.trigon-projekt.cz\/wp-content\/uploads\/2016\/09\/IMG_5476.jpg 1600w\" sizes=\"(max-width: 300px) 100vw, 300px\" \/><\/a>\n\t\t\t<\/div><\/figure><figure class='gallery-item'>\n\t\t\t<div class='gallery-icon landscape'>\n\t\t\t\t<a href='https:\/\/web.trigon-projekt.cz\/wp-content\/uploads\/2016\/09\/IMG_5477.jpg'><img width=\"300\" height=\"225\" src=\"https:\/\/web.trigon-projekt.cz\/wp-content\/uploads\/2016\/09\/IMG_5477-300x225.jpg\" class=\"attachment-medium size-medium colorbox-242 \" alt=\"\" loading=\"lazy\" srcset=\"https:\/\/web.trigon-projekt.cz\/wp-content\/uploads\/2016\/09\/IMG_5477-300x225.jpg 300w, https:\/\/web.trigon-projekt.cz\/wp-content\/uploads\/2016\/09\/IMG_5477-768x576.jpg 768w, https:\/\/web.trigon-projekt.cz\/wp-content\/uploads\/2016\/09\/IMG_5477-1024x768.jpg 1024w, https:\/\/web.trigon-projekt.cz\/wp-content\/uploads\/2016\/09\/IMG_5477-650x488.jpg 650w, https:\/\/web.trigon-projekt.cz\/wp-content\/uploads\/2016\/09\/IMG_5477.jpg 1600w\" sizes=\"(max-width: 300px) 100vw, 300px\" \/><\/a>\n\t\t\t<\/div><\/figure><figure class='gallery-item'>\n\t\t\t<div class='gallery-icon landscape'>\n\t\t\t\t<a href='https:\/\/web.trigon-projekt.cz\/wp-content\/uploads\/2016\/09\/IMG_5475.jpg'><img width=\"300\" height=\"225\" src=\"https:\/\/web.trigon-projekt.cz\/wp-content\/uploads\/2016\/09\/IMG_5475-300x225.jpg\" class=\"attachment-medium size-medium colorbox-242 \" alt=\"\" loading=\"lazy\" srcset=\"https:\/\/web.trigon-projekt.cz\/wp-content\/uploads\/2016\/09\/IMG_5475-300x225.jpg 300w, https:\/\/web.trigon-projekt.cz\/wp-content\/uploads\/2016\/09\/IMG_5475-768x576.jpg 768w, https:\/\/web.trigon-projekt.cz\/wp-content\/uploads\/2016\/09\/IMG_5475-1024x768.jpg 1024w, https:\/\/web.trigon-projekt.cz\/wp-content\/uploads\/2016\/09\/IMG_5475-650x488.jpg 650w, https:\/\/web.trigon-projekt.cz\/wp-content\/uploads\/2016\/09\/IMG_5475.jpg 1600w\" sizes=\"(max-width: 300px) 100vw, 300px\" \/><\/a>\n\t\t\t<\/div><\/figure><figure class='gallery-item'>\n\t\t\t<div class='gallery-icon landscape'>\n\t\t\t\t<a href='https:\/\/web.trigon-projekt.cz\/wp-content\/uploads\/2016\/09\/IMG_5474.jpg'><img width=\"300\" height=\"225\" src=\"https:\/\/web.trigon-projekt.cz\/wp-content\/uploads\/2016\/09\/IMG_5474-300x225.jpg\" class=\"attachment-medium size-medium colorbox-242 \" alt=\"\" loading=\"lazy\" srcset=\"https:\/\/web.trigon-projekt.cz\/wp-content\/uploads\/2016\/09\/IMG_5474-300x225.jpg 300w, https:\/\/web.trigon-projekt.cz\/wp-content\/uploads\/2016\/09\/IMG_5474-768x576.jpg 768w, https:\/\/web.trigon-projekt.cz\/wp-content\/uploads\/2016\/09\/IMG_5474-1024x768.jpg 1024w, https:\/\/web.trigon-projekt.cz\/wp-content\/uploads\/2016\/09\/IMG_5474-650x488.jpg 650w, https:\/\/web.trigon-projekt.cz\/wp-content\/uploads\/2016\/09\/IMG_5474.jpg 1600w\" sizes=\"(max-width: 300px) 100vw, 300px\" \/><\/a>\n\t\t\t<\/div><\/figure><figure class='gallery-item'>\n\t\t\t<div class='gallery-icon landscape'>\n\t\t\t\t<a href='https:\/\/web.trigon-projekt.cz\/wp-content\/uploads\/2016\/09\/20160820_093149.jpg'><img width=\"300\" height=\"169\" src=\"https:\/\/web.trigon-projekt.cz\/wp-content\/uploads\/2016\/09\/20160820_093149-300x169.jpg\" class=\"attachment-medium size-medium colorbox-242 \" alt=\"\" loading=\"lazy\" srcset=\"https:\/\/web.trigon-projekt.cz\/wp-content\/uploads\/2016\/09\/20160820_093149-300x169.jpg 300w, https:\/\/web.trigon-projekt.cz\/wp-content\/uploads\/2016\/09\/20160820_093149-768x432.jpg 768w, https:\/\/web.trigon-projekt.cz\/wp-content\/uploads\/2016\/09\/20160820_093149-1024x576.jpg 1024w, https:\/\/web.trigon-projekt.cz\/wp-content\/uploads\/2016\/09\/20160820_093149-650x366.jpg 650w\" sizes=\"(max-width: 300px) 100vw, 300px\" \/><\/a>\n\t\t\t<\/div><\/figure><figure class='gallery-item'>\n\t\t\t<div class='gallery-icon landscape'>\n\t\t\t\t<a href='https:\/\/web.trigon-projekt.cz\/wp-content\/uploads\/2016\/09\/20160820_093139.jpg'><img width=\"300\" height=\"169\" src=\"https:\/\/web.trigon-projekt.cz\/wp-content\/uploads\/2016\/09\/20160820_093139-300x169.jpg\" class=\"attachment-medium size-medium colorbox-242 \" alt=\"\" loading=\"lazy\" srcset=\"https:\/\/web.trigon-projekt.cz\/wp-content\/uploads\/2016\/09\/20160820_093139-300x169.jpg 300w, https:\/\/web.trigon-projekt.cz\/wp-content\/uploads\/2016\/09\/20160820_093139-768x432.jpg 768w, https:\/\/web.trigon-projekt.cz\/wp-content\/uploads\/2016\/09\/20160820_093139-1024x576.jpg 1024w, https:\/\/web.trigon-projekt.cz\/wp-content\/uploads\/2016\/09\/20160820_093139-650x366.jpg 650w\" sizes=\"(max-width: 300px) 100vw, 300px\" \/><\/a>\n\t\t\t<\/div><\/figure><figure class='gallery-item'>\n\t\t\t<div class='gallery-icon landscape'>\n\t\t\t\t<a href='https:\/\/web.trigon-projekt.cz\/wp-content\/uploads\/2016\/09\/20160820_093115.jpg'><img width=\"300\" height=\"169\" src=\"https:\/\/web.trigon-projekt.cz\/wp-content\/uploads\/2016\/09\/20160820_093115-300x169.jpg\" class=\"attachment-medium size-medium colorbox-242 \" alt=\"\" loading=\"lazy\" srcset=\"https:\/\/web.trigon-projekt.cz\/wp-content\/uploads\/2016\/09\/20160820_093115-300x169.jpg 300w, https:\/\/web.trigon-projekt.cz\/wp-content\/uploads\/2016\/09\/20160820_093115-768x432.jpg 768w, https:\/\/web.trigon-projekt.cz\/wp-content\/uploads\/2016\/09\/20160820_093115-1024x576.jpg 1024w, https:\/\/web.trigon-projekt.cz\/wp-content\/uploads\/2016\/09\/20160820_093115-650x366.jpg 650w\" sizes=\"(max-width: 300px) 100vw, 300px\" \/><\/a>\n\t\t\t<\/div><\/figure><figure class='gallery-item'>\n\t\t\t<div class='gallery-icon landscape'>\n\t\t\t\t<a href='https:\/\/web.trigon-projekt.cz\/wp-content\/uploads\/2016\/09\/20160819_130714.jpg'><img width=\"300\" height=\"169\" src=\"https:\/\/web.trigon-projekt.cz\/wp-content\/uploads\/2016\/09\/20160819_130714-300x169.jpg\" class=\"attachment-medium size-medium colorbox-242 \" alt=\"\" loading=\"lazy\" srcset=\"https:\/\/web.trigon-projekt.cz\/wp-content\/uploads\/2016\/09\/20160819_130714-300x169.jpg 300w, https:\/\/web.trigon-projekt.cz\/wp-content\/uploads\/2016\/09\/20160819_130714-768x432.jpg 768w, https:\/\/web.trigon-projekt.cz\/wp-content\/uploads\/2016\/09\/20160819_130714-1024x576.jpg 1024w, https:\/\/web.trigon-projekt.cz\/wp-content\/uploads\/2016\/09\/20160819_130714-650x366.jpg 650w\" sizes=\"(max-width: 300px) 100vw, 300px\" \/><\/a>\n\t\t\t<\/div><\/figure><figure class='gallery-item'>\n\t\t\t<div class='gallery-icon landscape'>\n\t\t\t\t<a href='https:\/\/web.trigon-projekt.cz\/wp-content\/uploads\/2016\/09\/20160819_130724.jpg'><img width=\"300\" height=\"169\" src=\"https:\/\/web.trigon-projekt.cz\/wp-content\/uploads\/2016\/09\/20160819_130724-300x169.jpg\" class=\"attachment-medium size-medium colorbox-242 \" alt=\"\" loading=\"lazy\" srcset=\"https:\/\/web.trigon-projekt.cz\/wp-content\/uploads\/2016\/09\/20160819_130724-300x169.jpg 300w, https:\/\/web.trigon-projekt.cz\/wp-content\/uploads\/2016\/09\/20160819_130724-768x432.jpg 768w, https:\/\/web.trigon-projekt.cz\/wp-content\/uploads\/2016\/09\/20160819_130724-1024x576.jpg 1024w, https:\/\/web.trigon-projekt.cz\/wp-content\/uploads\/2016\/09\/20160819_130724-650x366.jpg 650w\" sizes=\"(max-width: 300px) 100vw, 300px\" \/><\/a>\n\t\t\t<\/div><\/figure>\n\t\t<\/div>\n\n","protected":false},"excerpt":{"rendered":"<p>Polyfunk\u010dn\u00ed domy<\/p>\n","protected":false},"author":1,"featured_media":0,"parent":0,"menu_order":0,"comment_status":"closed","ping_status":"closed","template":"","meta":[],"_links":{"self":[{"href":"https:\/\/web.trigon-projekt.cz\/index.php?rest_route=\/wp\/v2\/pages\/242"}],"collection":[{"href":"https:\/\/web.trigon-projekt.cz\/index.php?rest_route=\/wp\/v2\/pages"}],"about":[{"href":"https:\/\/web.trigon-projekt.cz\/index.php?rest_route=\/wp\/v2\/types\/page"}],"author":[{"embeddable":true,"href":"https:\/\/web.trigon-projekt.cz\/index.php?rest_route=\/wp\/v2\/users\/1"}],"replies":[{"embeddable":true,"href":"https:\/\/web.trigon-projekt.cz\/index.php?rest_route=%2Fwp%2Fv2%2Fcomments&post=242"}],"version-history":[{"count":2,"href":"https:\/\/web.trigon-projekt.cz\/index.php?rest_route=\/wp\/v2\/pages\/242\/revisions"}],"predecessor-version":[{"id":265,"href":"https:\/\/web.trigon-projekt.cz\/index.php?rest_route=\/wp\/v2\/pages\/242\/revisions\/265"}],"wp:attachment":[{"href":"https:\/\/web.trigon-projekt.cz\/index.php?rest_route=%2Fwp%2Fv2%2Fmedia&parent=242"}],"curies":[{"name":"wp","href":"https:\/\/api.w.org\/{rel}","templated":true}]}}