{"id":104,"date":"2016-08-11T13:43:30","date_gmt":"2016-08-11T13:43:30","guid":{"rendered":"http:\/\/web.trigon-projekt.cz\/?page_id=104"},"modified":"2016-09-14T13:26:50","modified_gmt":"2016-09-14T13:26:50","slug":"inzenyrska-cinnost","status":"publish","type":"page","link":"https:\/\/web.trigon-projekt.cz\/?page_id=104","title":{"rendered":"In\u017een\u00fdrsk\u00e1 \u010dinnost:"},"content":{"rendered":"<h2>In\u017een\u00fdrsk\u00e1 \u010dinnost:<\/h2>\n<p>V\u00a0r\u00e1mci in\u017een\u00fdrsk\u00e9 zaji\u0161\u0165ujeme ke zpracovan\u00fdm \u010dinnosti projekt\u016fm vyj\u00e1d\u0159en\u00ed dot\u010den\u00fdch org\u00e1n\u016f st\u00e1tn\u00ed spr\u00e1vy \u2013 nap\u0159. :<\/p>\n<ul>\n<li style=\"text-align: left;\">Krajsk\u00e1 hygienick\u00e1 stanice<a href=\"http:\/\/www.trigon-projekt.cz\/wp-content\/uploads\/2016\/08\/\u017e\u00e1dost.png\"><img loading=\"lazy\" class=\"size-medium wp-image-278 alignright colorbox-104\" src=\"http:\/\/www.trigon-projekt.cz\/wp-content\/uploads\/2016\/08\/\u017e\u00e1dost-270x300.png\" alt=\"\u017e\u00e1dost\" width=\"270\" height=\"300\" srcset=\"https:\/\/web.trigon-projekt.cz\/wp-content\/uploads\/2016\/08\/\u017e\u00e1dost-270x300.png 270w, https:\/\/web.trigon-projekt.cz\/wp-content\/uploads\/2016\/08\/\u017e\u00e1dost-768x855.png 768w, https:\/\/web.trigon-projekt.cz\/wp-content\/uploads\/2016\/08\/\u017e\u00e1dost-920x1024.png 920w, https:\/\/web.trigon-projekt.cz\/wp-content\/uploads\/2016\/08\/\u017e\u00e1dost-690x768.png 690w, https:\/\/web.trigon-projekt.cz\/wp-content\/uploads\/2016\/08\/\u017e\u00e1dost-584x650.png 584w, https:\/\/web.trigon-projekt.cz\/wp-content\/uploads\/2016\/08\/\u017e\u00e1dost.png 1275w\" sizes=\"(max-width: 270px) 100vw, 270px\" \/><\/a><\/li>\n<li style=\"text-align: left;\">Hasi\u010dsk\u00fd z\u00e1chrann\u00fd sbor<\/li>\n<li style=\"text-align: left;\">Odbor \u017eivotn\u00edho prost\u0159ed\u00ed<\/li>\n<li style=\"text-align: left;\">Ochrana pam\u00e1tkov\u00e9 p\u00e9\u010de<\/li>\n<li style=\"text-align: left;\">Spr\u00e1vce toku<\/li>\n<li style=\"text-align: left;\">Veterin\u00e1rn\u00ed spr\u00e1va<\/li>\n<li style=\"text-align: left;\">Inspektor\u00e1t bezpe\u010dnosti pr\u00e1ce<\/li>\n<li style=\"text-align: left;\">Dopravn\u00ed inspektor\u00e1t<\/li>\n<li style=\"text-align: left;\">Odbor dopravy<\/li>\n<li style=\"text-align: left;\">a dal\u0161\u00ed<\/li>\n<\/ul>\n<p>vyj\u00e1d\u0159en\u00ed spr\u00e1vc\u016f s\u00edt\u00ed nap\u0159.:<\/p>\n<ul>\n<li>distributor NN<\/li>\n<li>distributor plynu<\/li>\n<li>vodovody a kanalizace<\/li>\n<li>telekomunika\u010dn\u00ed s\u00edt\u011b<\/li>\n<li>technick\u00e9 slu\u017eby<\/li>\n<li>a dal\u0161\u00ed<\/li>\n<\/ul>\n<p>D\u00e1le pak zaji\u0161\u0165ujeme s\u00a0m\u011bstem (obc\u00ed) smlouvy o pr\u00e1vu prov\u00e9st stavbu, \u010di o ulo\u017een\u00ed s\u00edt\u00ed a samoz\u0159ejm\u011b na z\u00e1klad\u011b t\u011bchto doklad\u016f vyd\u00e1n\u00ed:<\/p>\n<p><a href=\"http:\/\/www.trigon-projekt.cz\/wp-content\/uploads\/2016\/08\/majetkopravni.png\"><img loading=\"lazy\" class=\"size-medium wp-image-280 alignleft colorbox-104\" src=\"http:\/\/www.trigon-projekt.cz\/wp-content\/uploads\/2016\/08\/majetkopravni-260x300.png\" alt=\"majetkopravni\" width=\"260\" height=\"300\" srcset=\"https:\/\/web.trigon-projekt.cz\/wp-content\/uploads\/2016\/08\/majetkopravni-260x300.png 260w, https:\/\/web.trigon-projekt.cz\/wp-content\/uploads\/2016\/08\/majetkopravni-768x886.png 768w, https:\/\/web.trigon-projekt.cz\/wp-content\/uploads\/2016\/08\/majetkopravni-666x768.png 666w, https:\/\/web.trigon-projekt.cz\/wp-content\/uploads\/2016\/08\/majetkopravni-563x650.png 563w, https:\/\/web.trigon-projekt.cz\/wp-content\/uploads\/2016\/08\/majetkopravni.png 786w\" sizes=\"(max-width: 260px) 100vw, 260px\" \/><\/a><\/p>\n<ul>\n<li>\u00fazemn\u00edho rozhodnut\u00ed (\u00fazemn\u00edho souhlasu)<\/li>\n<li>ohl\u00e1\u0161en\u00ed stavby<\/li>\n<li>stavebn\u00edho povolen\u00ed u obecn\u00edch i speci\u00e1ln\u00edch stavebn\u00edch \u00fa\u0159ad\u016f<\/li>\n<\/ul>\n<p>V\u00a0pr\u016fb\u011bhu jednotliv\u00fdch \u0159\u00edzen\u00edch pln\u011b zastupujeme investora a prosazujeme jeho z\u00e1jmy.<\/p>\n<p>V\u00a0r\u00e1mci sjednan\u00fdch dohod pak prov\u00e1d\u00edme v\u00a0pr\u016fb\u011bhu stavby autorsk\u00fd dozor, resp. i\u00a0 technick\u00fd dozor investora.<\/p>\n","protected":false},"excerpt":{"rendered":"<p>In\u017een\u00fdrsk\u00e1 \u010dinnost: V\u00a0r\u00e1mci in\u017een\u00fdrsk\u00e9 zaji\u0161\u0165ujeme ke zpracovan\u00fdm \u010dinnosti projekt\u016fm vyj\u00e1d\u0159en\u00ed dot\u010den\u00fdch org\u00e1n\u016f st\u00e1tn\u00ed spr\u00e1vy \u2013 nap\u0159. : Krajsk\u00e1 hygienick\u00e1 stanice Hasi\u010dsk\u00fd z\u00e1chrann\u00fd sbor Odbor \u017eivotn\u00edho prost\u0159ed\u00ed Ochrana pam\u00e1tkov\u00e9 p\u00e9\u010de Spr\u00e1vce toku Veterin\u00e1rn\u00ed spr\u00e1va Inspektor\u00e1t bezpe\u010dnosti pr\u00e1ce Dopravn\u00ed inspektor\u00e1t Odbor dopravy a dal\u0161\u00ed vyj\u00e1d\u0159en\u00ed spr\u00e1vc\u016f s\u00edt\u00ed nap\u0159.: distributor NN distributor plynu vodovody a kanalizace telekomunika\u010dn\u00ed s\u00edt\u011b [&hellip;]<\/p>\n","protected":false},"author":1,"featured_media":0,"parent":0,"menu_order":0,"comment_status":"closed","ping_status":"closed","template":"","meta":[],"_links":{"self":[{"href":"https:\/\/web.trigon-projekt.cz\/index.php?rest_route=\/wp\/v2\/pages\/104"}],"collection":[{"href":"https:\/\/web.trigon-projekt.cz\/index.php?rest_route=\/wp\/v2\/pages"}],"about":[{"href":"https:\/\/web.trigon-projekt.cz\/index.php?rest_route=\/wp\/v2\/types\/page"}],"author":[{"embeddable":true,"href":"https:\/\/web.trigon-projekt.cz\/index.php?rest_route=\/wp\/v2\/users\/1"}],"replies":[{"embeddable":true,"href":"https:\/\/web.trigon-projekt.cz\/index.php?rest_route=%2Fwp%2Fv2%2Fcomments&post=104"}],"version-history":[{"count":10,"href":"https:\/\/web.trigon-projekt.cz\/index.php?rest_route=\/wp\/v2\/pages\/104\/revisions"}],"predecessor-version":[{"id":286,"href":"https:\/\/web.trigon-projekt.cz\/index.php?rest_route=\/wp\/v2\/pages\/104\/revisions\/286"}],"wp:attachment":[{"href":"https:\/\/web.trigon-projekt.cz\/index.php?rest_route=%2Fwp%2Fv2%2Fmedia&parent=104"}],"curies":[{"name":"wp","href":"https:\/\/api.w.org\/{rel}","templated":true}]}}